- g, i = -2*x - 5*g + 57. What is the remainder when x is divided by o(-6)?
10
Calculate the remainder when -3 - ((-33)/3 + -37) is divided by 36.
9
Let k = 17 + -13. Suppose -2*i + 31 + 34 = a, 5*a + k*i - 295 = 0. Suppose -19*f + 14*f + a = 0. Calculate the remainder when 76 is divided by f.
10
Let p = 238 + 371. Calculate the remainder when p is divided by 10.
9
Suppose 2 + 10 = 4*i. What is the remainder when ((-124)/(-248))/(2/76) is divided by i?
1
Let v = 48 + -33. Let g = -18696 + 18798. Calculate the remainder when g is divided by v.
12
Let y be 6/(-12) - 21/(-6). Suppose 0 = -y*v + 8*v + 30. Let l(w) = w**3 + 5*w**2 - 8*w - 3. Calculate the remainder when 60 is divided by l(v).
6
Let d(p) = 45*p - 1500. Calculate the remainder when d(62) is divided by 13.
3
Suppose 6 = -0*q + 3*q, 0 = 2*p - 3*q - 294. What is the remainder when ((-2312)/3)/(-4) + (-100)/p is divided by 49?
45
Suppose 5*n + 92*w - 1288 = 93*w, -1810 = -7*n - 2*w. Calculate the remainder when 4641 is divided by n.
255
What is the remainder when (870 - 0) + 16*2/(-4) is divided by 36?
34
Suppose i - 17 = -3*t, 24*i + 10 = 26*i - 2*t. Calculate the remainder when 301 is divided by i.
5
Let d be (-54)/(-24) - 2 - (-7)/4. Suppose 131 = -d*q + 3. Let t = 79 + q. Calculate the remainder when t is divided by 8.
7
Let d = -2 - 34. Let b = d - -52. Suppose 94*o = 3360 + 964. What is the remainder when o is divided by b?
14
Let w = -200 + 125. Let h = w - -121. What is the remainder when 228 is divided by h?
44
Let o(s) = -s**3 - 84*s**2 - 792*s - 19. What is the remainder when o(-10) is divided by 183?
135
Let o(v) = v**3 - 6*v**2 + 4*v + 6. Suppose -2*d + 3 + 5 = 0. Calculate the remainder when o(6) is divided by d.
2
Let f be (-207)/6*(-4)/3. Let h(t) = -31*t + 59. Let o be h(3). Let b = o + f. Calculate the remainder when 47 is divided by b.
11
Let w be 3/9*(-234)/(-3). Suppose -2*g + 2 = -w. Calculate the remainder when 125 is divided by g.
13
Suppose 76 = -u - 11. Let y = 586 + -491. Let v = y + u. What is the remainder when 62 is divided by v?
6
Suppose -9*z + 5*h = -4*z - 155, 2*h - 118 = -3*z. Suppose -l + 5 + 1 = 0. What is the remainder when z is divided by 111/l + 3/6?
17
Let z(h) = -137*h + 1365. Calculate the remainder when 495 is divided by z(9).
99
Suppose -4*m + 5*g + 502 = 0, -5*m + 634 = -5*g + 2*g. Suppose -l + 132 = m. What is the remainder when 47 is divided by l?
3
Let u(c) = -13*c - 135. Let a be u(-31). Let t = a + -212. What is the remainder when 107 is divided by t?
51
Let b(p) = 0*p + 2*p + 5*p + 50 - 2*p. Let h be b(-6). Suppose 8*u + 300 = h*u. Calculate the remainder when u is divided by 13.
12
Let c = 726 - 722. Let g(q) = 2 - 6*q**2 + 4*q + 3 + 4*q**3 + 1 + 0*q**3. What is the remainder when g(c) is divided by 46?
44
Calculate the remainder when (4 - 80340)*(-20)/40 is divided by 17.
14
Let b be 1055 + 1 + 3 + -10. Suppose 0 = 16*j - 2681 + b. What is the remainder when j is divided by 26?
24
Let l(a) = -a**2 - 9*a - 3. Let z = -28 - -31. Suppose 11*g = -4*d + 9*g + 232, 165 = z*d - 3*g. What is the remainder when d is divided by l(-6)?
12
Let k(w) = 17*w + 792. What is the remainder when k(-43) is divided by 35?
26
Let g(d) = 2*d**3 + 34*d**2 - 182*d - 78. What is the remainder when 255 is divided by g(-21)?
39
Let s = -190 + 193. Suppose -9*c + 4*c + 5*h + 70 = 0, 0 = s*c - 4*h - 37. What is the remainder when (-7)/(-3)*(-2 - -26) is divided by c?
18
Let c(v) = -v**2 + 21*v - 17. Let r be c(20). Suppose r*i - 9 = -0*i, 3*g = -i + 27. Calculate the remainder when 60 is divided by g.
4
Suppose 0*n + 4*n = -2*k + 98, 2*k = -3*n + 100. Suppose 59*q - 72 = k*q. Calculate the remainder when 165 is divided by q.
9
Suppose 4*h = 3*u + 14, 3*u + 3*h = 6 + 15. Suppose -y + 12 = j - 28, 4*y = -u*j + 80. What is the remainder when 56 is divided by j?
16
Let v(s) = s + 1. Let k(d) = 25*d**3 + 5*d**2 + 2*d + 1. Let p(z) = -k(z) + 5*v(z). What is the remainder when p(-1) is divided by 7?
0
Let i be 5/3 - (192/(-18))/8. Suppose -209 = 35*c - 38*c - f, 3*f = i*c - 213. Calculate the remainder when c is divided by 31.
8
Suppose -336*u + 335*u + 106 = 2*k, 0 = -k - 5*u + 17. Calculate the remainder when 11796 is divided by k.
54
Suppose 6*u + 29*u + 0*u - 315 = 0. What is the remainder when 1923 is divided by u?
6
Suppose -9*z - 23*z + 2375 = -7*z. What is the remainder when 228 is divided by z?
38
Let h(r) = -35*r - 56. Let k be h(-8). Let w = k - 214. What is the remainder when w is divided by (-5)/(50/(-8))*5?
2
Let c(v) = 2*v**2 + 5*v + 2. Let f(h) = -9*h - 6. Let s be f(0). What is the remainder when 175 is divided by c(s)?
43
Let x(q) = 2*q**2 - 11*q - 5. Let b = 2 - -3. Suppose -3 = -y + b. Calculate the remainder when 136 is divided by x(y).
31
Let c(q) = q - 4. Let a be c(4). Let k(g) = g**3 + g + 10. Let v(t) = 31*t - 36. What is the remainder when v(2) is divided by k(a)?
6
Let l be (-2 - 155) + 0 + 0 - -3. Let a = l - -182. Calculate the remainder when a is divided by 20.
8
Let b(d) = -95*d - 129. Calculate the remainder when 5139 is divided by b(-3).
147
Let k = -2320 + 2354. What is the remainder when 196 is divided by k?
26
Let d be 10/1 - 4 - -550. Suppose -3*v - 414 = -3*i, 5*v + d = 4*i + 3*v. Calculate the remainder when i is divided by 47.
46
Let y(o) = 5*o**3 + 33*o - 72. What is the remainder when 3260 is divided by y(2)?
30
Calculate the remainder when 15103 is divided by (-12)/3 - 652*1/(-4).
157
Let h = -118 - -183. Suppose w + g = 63, -w - 3*g + h = -4*g. What is the remainder when w is divided by 37?
27
Let k(i) = 17*i**2 - 3*i + 3. Calculate the remainder when 243 is divided by k(1).
5
Suppose -36*k + 95936 = -240890 - 108926. Calculate the remainder when k is divided by 18.
16
Let k(z) = 14*z - 136. Let g be k(21). Suppose -3*p = -4*x - p + g, -2*p - 32 = -x. Calculate the remainder when x is divided by 23.
19
Suppose -102*p = -135*p + 2904. What is the remainder when p is divided by 2?
0
Suppose -83*w - 5922 = -91*w - 321*w. Let s = -13 + 16. Let f(n) = 12*n**2 - 2*n + 3. What is the remainder when f(s) is divided by w?
15
Let j = -24 - -29. Suppose -2*z = -4*q, j*q - 2*z + 2 = 4. Suppose 5*b + 2*n = -21 + 77, -n = -3. What is the remainder when b is divided by q?
0
Let z(m) = -m**3 - 5*m**2 + 4*m - 9. Let r be z(-6). Let x(q) = 0 + 17*q - 5 + 15. What is the remainder when x(r) is divided by 21?
19
Let z(w) = -5*w**2 + 443*w - 79. Calculate the remainder when z(38) is divided by 38.
35
Let l(y) = 8*y - 29. Let q be l(9). Let s = 71 - q. Suppose -105 = s*h - 31*h. What is the remainder when 97 is divided by h?
27
Suppose 0 = 49*z + 41*z - 96*z + 198. Suppose 0 = -2*u - 8 + 4. What is the remainder when z is divided by (16 - u) + 1*-1?
16
Suppose 260*v = 4634 + 7066. Calculate the remainder when 1481 is divided by v.
41
Suppose 42 = 4*d - 30. What is the remainder when 65 is divided by (0/1 + 2)*243/d?
11
Suppose -36*d + 38*d - 2 = 0. Let v be d*3*(-2)/((-14)/651). Suppose -3*s + v + 198 = 0. Calculate the remainder when s is divided by 41.
36
Let r = 101 + -92. Suppose -3*g + 3 = -4*t, -2*t - 4*g + r = -17. Let c(u) = u**3 - 11*u**2 + 8. Calculate the remainder when c(11) is divided by t.
2
Let l(d) = 2*d**3 - 2*d**2 + 5*d. Let t be l(0). Suppose t = 2*c + 42 - 118. Calculate the remainder when c is divided by 21.
17
Let w = 2303 + -2241. What is the remainder when 3280 is divided by w?
56
Suppose 33 = -2*v - 4*z + 113, -2*v - 2*z = -76. Let j(p) = 5*p - 13. Let h be j(3). What is the remainder when ((-177)/h)/(1 + (-6)/4) is divided by v?
33
What is the remainder when ((-225)/(-36) + -7)/((-3)/4068) is divided by 108?
45
Suppose 91*v - 157 = 84*v + 130. Calculate the remainder when 185 is divided by v.
21
Let y = -5686 - -5710. Let u = -17 - -10. What is the remainder when y is divided by (-32)/8*u/2?
10
Suppose 2*b = -4, 52 = i + b - 78. Let w = 1430 + -1415. Calculate the remainder when i is divided by w.
12
Suppose 30 = -i + 32. Let u = -16 + 29. What is the remainder when 120 is divided by (i/u - (-66)/78) + 40?
38
Suppose 4*y - 60 = -2*j, 2*y + 4*j - 159 = -123. Calculate the remainder when 886 is divided by y.
4
Let k(m) = 22*m + 124. Let t(d) = 4*d + 25. Let b(w) = -3*k(w) + 14*t(w). Calculate the remainder when 110 + (-